{"id":13,"date":"2017-08-02T11:39:01","date_gmt":"2017-08-02T09:39:01","guid":{"rendered":"https:\/\/mit140umdiewelt.wordpress.com\/?page_id=2"},"modified":"2017-08-02T11:39:01","modified_gmt":"2017-08-02T09:39:01","slug":"ueber","status":"publish","type":"page","link":"https:\/\/mit140umdiewelt.de\/?page_id=13","title":{"rendered":"\u00dcber uns"},"content":{"rendered":"<p>Als Klaus und ich 1980 ein Paar wurden stellten wir fest, dass wir die gleiche Vorstellung vom Reisen haben. Schon immer war bei uns der Weg das Ziel, und der direkte Weg ist der unbeliebteste. Das erste St\u00fcck fahren wir Autobahn bis wir in Gegenden kommen, die wir noch nicht so gut kennen, dann geht es \u00fcber Land. Wer gerade nicht f\u00e4hrt, hat den Autoatlas auf dem Scho\u00df und sucht sehenswerte Orte. Bei den seltenen Fahrten zum selben Ziel suchen wir immer neue Wege. Wir \u00fcbernachten auf Hin- und R\u00fcckweg und haben dabei schon viele sch\u00f6ne Ortschaften und nette Gasth\u00f6fe gefunden. Im Auto und liegt ein \u201eNotzelt\u201c, falls wir mal kein Zimmer finden. Und weil es uns \u00a0Spa\u00df macht Passstra\u00dfen zu fahren, machen wir manchen Umweg, wenn ein noch nicht \u00fcberquerter Pass in unserer Richtung liegt.<br \/>\nZum Gl\u00fcck war unsere Tochter unkompliziert und besch\u00e4ftigte sich w\u00e4hrend wir fuhren auf dem R\u00fccksitz mit Lesen, Malen, und Kassetten h\u00f6ren. So konnten wir u.a. auch vier Wochen mit einem gut gelaunten Kind durch den S\u00fcdwesten der USA reisen. Viele europ\u00e4ische L\u00e4nder und auch ein paar Exoten haben wir bereist. Auch wenn die Reisen nach dem Ende unseres Arbeitslebens l\u00e4nger wurden, war doch immer das Gef\u00fchl: \u201eZu kurz\u201c da. Deshalb haben wir uns entschlossen ein Jahr lang so &#8211; wie es uns am liebsten ist &#8211; ohne gro\u00dfe Planung drauflos zu reisen.<br \/>\nAch ja, der Titel unseres Blogs? Wir sind zusammen 140 Jahre alt.<br \/>\nAuch nachdem wir Ende August 2018 zur\u00fcckgekehrt sind, meldet sich das Gef\u00fchl: &#8222;Zu kurz,&#8220; immer mal wieder. Und weil Tochter und Schwiegersohn bis zur Fertigstellung ihres eigenen Hauses weiterhin in unserem Zuhause leben und sich vorbildlich um alles k\u00fcmmern, haben wir uns entschlossen, Mitte Januar 2019 noch einmal aufzubrechen. Mittel- und S\u00fcdamerika sind dieses Mal unser Ziel. Wir wissen zwar, wo die Reise beginnt, aber von welchem Land wir letztendlich die R\u00fcckreise antreten werden, steht noch in den Sternen.<br \/>\nInzwischen m\u00fcssten wir den Titel eigentlich \u00e4ndern. Aber mit 144 um die Welt klingt doch irgendwie nicht so rund, also bleibt es dabei.<\/p>\n","protected":false},"excerpt":{"rendered":"<p>Dies ist nur eine Kurzfassung der Seite&nbsp;\u201e\u00dcber\u201c.<\/p>\n","protected":false},"author":2,"featured_media":0,"parent":0,"menu_order":1,"comment_status":"closed","ping_status":"closed","template":"","meta":{"footnotes":""},"class_list":["post-13","page","type-page","status-publish","hentry"],"_links":{"self":[{"href":"https:\/\/mit140umdiewelt.de\/index.php?rest_route=\/wp\/v2\/pages\/13","targetHints":{"allow":["GET"]}}],"collection":[{"href":"https:\/\/mit140umdiewelt.de\/index.php?rest_route=\/wp\/v2\/pages"}],"about":[{"href":"https:\/\/mit140umdiewelt.de\/index.php?rest_route=\/wp\/v2\/types\/page"}],"author":[{"embeddable":true,"href":"https:\/\/mit140umdiewelt.de\/index.php?rest_route=\/wp\/v2\/users\/2"}],"replies":[{"embeddable":true,"href":"https:\/\/mit140umdiewelt.de\/index.php?rest_route=%2Fwp%2Fv2%2Fcomments&post=13"}],"version-history":[{"count":0,"href":"https:\/\/mit140umdiewelt.de\/index.php?rest_route=\/wp\/v2\/pages\/13\/revisions"}],"wp:attachment":[{"href":"https:\/\/mit140umdiewelt.de\/index.php?rest_route=%2Fwp%2Fv2%2Fmedia&parent=13"}],"curies":[{"name":"wp","href":"https:\/\/api.w.org\/{rel}","templated":true}]}}

Über uns

<p>Als Klaus und ich 1980 ein Paar wurden stellten wir fest, dass wir die gleiche Vorstellung vom Reisen haben. Schon immer war bei uns der Weg das Ziel, und der direkte Weg ist der unbeliebteste. Das erste Stück fahren wir Autobahn bis wir in Gegenden kommen, die wir noch nicht so gut kennen, dann geht es über Land. Wer gerade nicht fährt, hat den Autoatlas auf dem Schoß und sucht sehenswerte Orte. Bei den seltenen Fahrten zum selben Ziel suchen wir immer neue Wege. Wir übernachten auf Hin- und Rückweg und haben dabei schon viele schöne Ortschaften und nette Gasthöfe gefunden. Im Auto und liegt ein „Notzelt“, falls wir mal kein Zimmer finden. Und weil es uns  Spaß macht Passstraßen zu fahren, machen wir manchen Umweg, wenn ein noch nicht überquerter Pass in unserer Richtung liegt.<br />
Zum Glück war unsere Tochter unkompliziert und beschäftigte sich während wir fuhren auf dem Rücksitz mit Lesen, Malen, und Kassetten hören. So konnten wir u.a. auch vier Wochen mit einem gut gelaunten Kind durch den Südwesten der USA reisen. Viele europäische Länder und auch ein paar Exoten haben wir bereist. Auch wenn die Reisen nach dem Ende unseres Arbeitslebens länger wurden, war doch immer das Gefühl: „Zu kurz“ da. Deshalb haben wir uns entschlossen ein Jahr lang so &#8211; wie es uns am liebsten ist &#8211; ohne große Planung drauflos zu reisen.<br />
Ach ja, der Titel unseres Blogs? Wir sind zusammen 140 Jahre alt.<br />
Auch nachdem wir Ende August 2018 zurückgekehrt sind, meldet sich das Gefühl: &#8222;Zu kurz,&#8220; immer mal wieder. Und weil Tochter und Schwiegersohn bis zur Fertigstellung ihres eigenen Hauses weiterhin in unserem Zuhause leben und sich vorbildlich um alles kümmern, haben wir uns entschlossen, Mitte Januar 2019 noch einmal aufzubrechen. Mittel- und Südamerika sind dieses Mal unser Ziel. Wir wissen zwar, wo die Reise beginnt, aber von welchem Land wir letztendlich die Rückreise antreten werden, steht noch in den Sternen.<br />
Inzwischen müssten wir den Titel eigentlich ändern. Aber mit 144 um die Welt klingt doch irgendwie nicht so rund, also bleibt es dabei.</p>

<p>Dies ist nur eine Kurzfassung der Seite&nbsp;„Über“.</p>
